{"id":13551,"date":"2015-09-11T11:58:25","date_gmt":"2015-09-11T10:58:25","guid":{"rendered":"https:\/\/help.instantatlas.com\/dashboard-builder-desktop\/german-getting-started\/andern-der-daten\/"},"modified":"2021-12-07T17:11:47","modified_gmt":"2021-12-07T17:11:47","slug":"andern-der-daten","status":"publish","type":"page","link":"https:\/\/help.instantatlas.com\/instantatlas-desktop\/de\/willkommen\/erste-schritte-mit-instantatlas\/andern-der-daten\/","title":{"rendered":"\u00c4ndern der Daten"},"content":{"rendered":"<p>Die angezeigten Datenwerte in einem neu erstellten Bericht sind Beispielwerte, die durch den Publisher erzeugt wurden. Sie k\u00f6nnen den InstantAtlas Excel-Datenmanager nutzen, um eine Datensatzdatei mit Ihren eigenen Werten zu erstellen. Folgen Sie hierzu den unten gezeigten Schritten. Sie k\u00f6nnen den InstantAtlas Publisher mit der Schaltfl\u00e4che \u201eAbbrechen\u201c schlie\u00dfen, falls Sie das noch nicht getan haben.<\/p>\n<h2>Aktivieren des Excel-Hilfsprogramms (Add-in)<\/h2>\n<p>Als Sie die InstantAtlas-Software installiert haben, wurde das Excel Datenmanager Add-in f\u00fcr InstantAtlas mit in den Installationsordner kopiert. Dieses ist ein Programm, das die Funktionalit\u00e4t von Excel erweitert, so dass f\u00fcr Ihren Bericht Datensatzdateien erstellt werden k\u00f6nnen. Sie m\u00fcssen das Add-in noch aktivieren, damit das InstantAtlas-Men\u00fc und die dazugeh\u00f6rende Werkzeugleiste in Excel erscheinen.<\/p>\n<p><strong>Excel 2016 und h\u00f6her<\/strong><\/p>\n<p>\u00d6ffnen Sie Excel. Klicken Sie auf die Registerkarte \u201eDatei\u201c und w\u00e4hlen Sie \u201eOptionen\u201c im Men\u00fc auf der linken Seite.<\/p>\n<p>Nun sollte sich das Fenster der Excel-Optionen \u00f6ffnen. W\u00e4hlen Sie auf der linken Seite \u201eAdd-ins\u201c, woraufhin eine Liste bereits installierter Hilfsprogramme erscheint, egal ob aktiv oder nicht.<\/p>\n<p>Zu Beginn kann es sein, dass der IA Datenmanager zwar in der Liste erscheint, jedoch noch nicht aktiv ist. Um ihn zu aktivieren, klicken Sie auf die \u201eLos\u2026\u201c-Schaltfl\u00e4che im unteren Teil des Dialogfensters, um Ihre Add-ins zu verwalten.<\/p>\n<p>Falls der IA Datenmanager nicht im Add-Ins Dialogfenster zu sehen ist, so klicken Sie auf die \u201eDurchsuchen\u2026\u201c-Schaltfl\u00e4che. Navigieren Sie nun zu der Datei mit dem Namen \u201eIA Data Manager.xla\u201c, die sich in Ihrem InstantAtlas Installationsverzeichnis befindet. Der automatisch angelegte Speicherort dieser Datei ist: \u201eC:\\Programme\\EsriUK\\InstantAtlas\\\u201c. Klicken Sie danach auf \u201eOK\u201c. Das Add-In sollte nun in der Liste zur Verf\u00fcgung stehen.<\/p>\n<p>Markieren Sie den InstantAtlas Datenmanager in der Liste und klicken dann auf \u201eOK\u201c.<\/p>\n<p><a href=\"https:\/\/help.instantatlas.com\/instantatlas-desktop\/wp-content\/uploads\/sites\/31\/2021\/12\/Exceladdin6120DE.png\"><img loading=\"lazy\" decoding=\"async\" src=\"https:\/\/help.instantatlas.com\/instantatlas-desktop\/wp-content\/uploads\/sites\/31\/2021\/12\/Exceladdin6120DE.png\" alt=\"\" width=\"367\" height=\"398\" class=\"alignnone size-full wp-image-34158\" srcset=\"https:\/\/help.instantatlas.com\/instantatlas-desktop\/wp-content\/uploads\/sites\/31\/2021\/12\/Exceladdin6120DE.png 367w, https:\/\/help.instantatlas.com\/instantatlas-desktop\/wp-content\/uploads\/sites\/31\/2021\/12\/Exceladdin6120DE-277x300.png 277w\" sizes=\"auto, (max-width: 367px) 100vw, 367px\" \/><\/a><\/p>\n<p><span>Wenn Ihnen mehrere Version des Add-ins zur Verf\u00fcgung stehen weil Sie von einer fr\u00fcheren InstantAtlas Version aufger\u00fcstet haben, stellen Sie bitte sicher, dass die aktuelle Version aktiviert ist.<\/span><\/p>\n<p>Sie sollten Excel nun schlie\u00dfen und erneut \u00f6ffnen.<\/p>\n<p>Die Registerkarte der Add-ins sollte nun drei neue Schaltfl\u00e4chen anzeigen. Es gibt auch einen Men\u00fcbefehl \u201eInstantAtlas\u201c, von dem aus diese Optionen ausw\u00e4hlbar sind.<\/p>\n<p><a href=\"https:\/\/help.instantatlas.com\/instantatlas-desktop\/wp-content\/uploads\/sites\/31\/2019\/04\/Add-ins_Tab_DE.png\"><img loading=\"lazy\" decoding=\"async\" src=\"https:\/\/help.instantatlas.com\/instantatlas-desktop\/wp-content\/uploads\/sites\/31\/2019\/04\/Add-ins_Tab_DE.png\" alt=\"\" class=\"alignnone size-full wp-image-33517\" width=\"907\" height=\"129\" srcset=\"https:\/\/help.instantatlas.com\/instantatlas-desktop\/wp-content\/uploads\/sites\/31\/2019\/04\/Add-ins_Tab_DE.png 907w, https:\/\/help.instantatlas.com\/instantatlas-desktop\/wp-content\/uploads\/sites\/31\/2019\/04\/Add-ins_Tab_DE-300x43.png 300w, https:\/\/help.instantatlas.com\/instantatlas-desktop\/wp-content\/uploads\/sites\/31\/2019\/04\/Add-ins_Tab_DE-768x109.png 768w\" sizes=\"auto, (max-width: 907px) 100vw, 907px\" \/><\/a><\/p>\n<h2>Erzeugen einiger neuer Daten<\/h2>\n<p>Das Excel-Add-in steht in Verbindung mit jedem Arbeitsblatt, in das Sie Ihre Daten eingeben. Ein Musterarbeitsbuch wurde in Ihrer InstantAtlas Software mitgeliefert. Zum \u00d6ffnen des Arbeitsbuches nutzen Sie am besten die im Windows-Startmen\u00fc befindliche Verkn\u00fcpfung zum Excel-Datenmanagers von InstantAtlas. Alternativ dazu k\u00f6nnen Sie zu der w\u00e4hrend der Installation erstellten Datei \u201eIAworkbook.xls\u201c navigieren, die sich standardm\u00e4\u00dfig in C:\\Programme\\EsriUK\\InstantAtlas\\workbooks\\ befindet. Klicken Sie am unteren Rand des Fensters auf den Namen des Arbeitsblattes \u201eExample 1 iadatasheet\u201c.<\/p>\n<p><a href=\"https:\/\/help.instantatlas.com\/instantatlas-desktop\/wp-content\/uploads\/sites\/31\/2019\/04\/Example_Excel_Workbook_DE.png\"><img loading=\"lazy\" decoding=\"async\" src=\"https:\/\/help.instantatlas.com\/instantatlas-desktop\/wp-content\/uploads\/sites\/31\/2019\/04\/Example_Excel_Workbook_DE.png\" alt=\"\" class=\"alignnone size-full wp-image-33516\" width=\"919\" height=\"632\" srcset=\"https:\/\/help.instantatlas.com\/instantatlas-desktop\/wp-content\/uploads\/sites\/31\/2019\/04\/Example_Excel_Workbook_DE.png 919w, https:\/\/help.instantatlas.com\/instantatlas-desktop\/wp-content\/uploads\/sites\/31\/2019\/04\/Example_Excel_Workbook_DE-300x206.png 300w, https:\/\/help.instantatlas.com\/instantatlas-desktop\/wp-content\/uploads\/sites\/31\/2019\/04\/Example_Excel_Workbook_DE-768x528.png 768w\" sizes=\"auto, (max-width: 919px) 100vw, 919px\" \/><\/a><\/p>\n<p>Sie werden sehen, dass die Spalten A und B die Codes und Namen enthalten, die jeden Postleitzahlenabschnitt identifizieren. Die Spalte C und folgende enthalten Datenwerte. Die Daten in InstantAtlas Berichten m\u00fcssen in drei Ebenen organisiert sein: Thema, Indikator, Zeitangabe. Sie sehen in diesem Datenblatt zwei Themen (Theme 1 und Theme 2). Theme 1 enth\u00e4lt zwei Indikatoren (Indicator 1 und Indicator 2). Auch Theme 2 enth\u00e4lt zwei Indikatoren (Indicator 3 und Indicator 4). Jeder Indikator hat zwei Zeitangaben.<\/p>\n<p>\u00c4ndern Sie die Bezeichnung des Feldes C1 von \u201eTheme 1\u201c in \u201eSoziale Abgrenzung\u201c. \u00c4ndern Sie die Bezeichnung des Feldes C2 von \u201eIndicator <span>1\u201c in \u201eArbeitsloser Bev\u00f6lkerungsanteil (%)\u201c. \u00c4ndern Sie die Bezeichnung des Feldes E2 von \u201cIndicator 2\u201d in \u201eBehindertenunterst\u00fctzung erhaltener Bev\u00f6lkerungsanteil (%)\u201c. Sie k\u00f6nnen einige der unten aufgef\u00fchrten Datenwerte wunschgem\u00e4\u00df durch Ihre eigenen Werte ersetzen.<\/span><\/p>\n<p><a href=\"https:\/\/help.instantatlas.com\/instantatlas-desktop\/wp-content\/uploads\/sites\/31\/2019\/04\/DataChanged_DE.png\"><img loading=\"lazy\" decoding=\"async\" src=\"https:\/\/help.instantatlas.com\/instantatlas-desktop\/wp-content\/uploads\/sites\/31\/2019\/04\/DataChanged_DE.png\" alt=\"\" class=\"alignnone size-full wp-image-33437\" width=\"534\" height=\"224\" srcset=\"https:\/\/help.instantatlas.com\/instantatlas-desktop\/wp-content\/uploads\/sites\/31\/2019\/04\/DataChanged_DE.png 534w, https:\/\/help.instantatlas.com\/instantatlas-desktop\/wp-content\/uploads\/sites\/31\/2019\/04\/DataChanged_DE-300x126.png 300w\" sizes=\"auto, (max-width: 534px) 100vw, 534px\" \/><\/a><\/p>\n<p>Da Sie nun einige Themen und Indikatorbezeichnungen selbst erstellt haben, k\u00f6nnen Sie den Bericht mit diesen Daten aktualisieren.<\/p>\n<h2>Aktualisieren des Berichts<\/h2>\n<p>Um das Excel Datenmanager Add-in benutzen zu k\u00f6nnen, ben\u00f6tigen Sie mindestens ein aktives Datenblatt in Ihren Arbeitsbuch. Ein Datenblatt wird aktiviert, indem es eine Bezeichnung erh\u00e4lt, die mit \u201eiadatasheet\u201c beginnt. Um das Datenblatt \u201eExample 1 iadatasheet\u201c in Excel umzubenennen, m\u00fcssen Sie einfach nur mit der rechten Maustaste auf den Namen des Datenblattes klicken und dann \u201eUmbenennen\u201c ausw\u00e4hlen.<\/p>\n<p>Klicken Sie in Excel auf die \u201eIA Export\u201c-Schaltfl\u00e4che in der Werkzeugleiste des InstantAtlas-Add-Ins. Es \u00f6ffnet sich ein Dialogfester, in dem Sie nach dem Datentyp gefragt werden. Datensatzdateien f\u00fcr dynamische HTML-Berichte m\u00fcssen ins JSON-Format exportiert werden, wohingegen Datensatzdateien f\u00fcr dynamische Flash-Berichte im XML-Format vorliegen m\u00fcssen. Wenn Sie Ihren Bericht mit der Vorlage \u201eEinzelkarte (HTML Edition)\u201c erstellt haben, so w\u00e4hlen Sie hier bitte die Option \u201eJSON\u201c aus.<\/p>\n<p><span class=\"VIiyi\" jsaction=\"mouseup:BR6jm\" jsname=\"jqKxS\" lang=\"de\"><span jsaction=\"agoMJf:PFBcW;usxOmf:aWLT7;jhKsnd:P7O7bd,F8DmGf;Q4AGo:Gm7gYd,qAKMYb;uFUCPb:pvnm0e,pfE8Hb,PFBcW;f56efd:dJXsye;EnoYf:KNzws,ZJsZZ,JgVSJc;zdMJQc:cCQNKb,ZJsZZ,zchEXc;Ytrrj:JJDvdc;tNR8yc:GeFvjb;oFN6Ye:hij5Wb;bmeZHc:iURhpf;Oxj3Xe:qAKMYb,yaf12d\" jsname=\"txFAF\" class=\"JLqJ4b ChMk0b\" data-language-for-alternatives=\"de\" data-language-to-translate-into=\"en\" data-phrase-index=\"0\" data-number-of-phrases=\"2\" jscontroller=\"Zl5N8\" jsdata=\"uqLsIf;_;$10\" jsmodel=\"SsMkhd\"><span jsaction=\"click:qtZ4nf,GFf3ac,tMZCfe; contextmenu:Nqw7Te,QP7LD; mouseout:Nqw7Te; mouseover:qtZ4nf,c2aHje\" jsname=\"W297wb\">Bitte achten Sie auch darauf, dass die Option &#8220;Generate data file for local atlas&#8221; aktiviert ist.<\/span><\/span> <span jsaction=\"agoMJf:PFBcW;usxOmf:aWLT7;jhKsnd:P7O7bd,F8DmGf;Q4AGo:Gm7gYd,qAKMYb;uFUCPb:pvnm0e,pfE8Hb,PFBcW;f56efd:dJXsye;EnoYf:KNzws,ZJsZZ,JgVSJc;zdMJQc:cCQNKb,ZJsZZ,zchEXc;Ytrrj:JJDvdc;tNR8yc:GeFvjb;oFN6Ye:hij5Wb;bmeZHc:iURhpf;Oxj3Xe:qAKMYb,yaf12d\" jsname=\"txFAF\" class=\"JLqJ4b ChMk0b\" data-language-for-alternatives=\"de\" data-language-to-translate-into=\"en\" data-phrase-index=\"1\" data-number-of-phrases=\"2\" jscontroller=\"Zl5N8\" jsdata=\"uqLsIf;_;$11\" jsmodel=\"SsMkhd\"><span jsaction=\"click:qtZ4nf,GFf3ac,tMZCfe; contextmenu:Nqw7Te,QP7LD; mouseout:Nqw7Te; mouseover:qtZ4nf,c2aHje\" jsname=\"W297wb\">Dadurch wird sichergestellt, dass auch die lokale Dateivariante der Datei data.js namens data-vars.js.js aktualisiert wird.<\/span><\/span><\/span><span> <\/span><\/p>\n<p><a href=\"https:\/\/help.instantatlas.com\/instantatlas-desktop\/wp-content\/uploads\/sites\/31\/2021\/12\/OutputOptions-1.png\"><img loading=\"lazy\" decoding=\"async\" src=\"https:\/\/help.instantatlas.com\/instantatlas-desktop\/wp-content\/uploads\/sites\/31\/2021\/12\/OutputOptions-1.png\" alt=\"\" width=\"276\" height=\"360\" class=\"alignnone size-full wp-image-34157\" srcset=\"https:\/\/help.instantatlas.com\/instantatlas-desktop\/wp-content\/uploads\/sites\/31\/2021\/12\/OutputOptions-1.png 276w, https:\/\/help.instantatlas.com\/instantatlas-desktop\/wp-content\/uploads\/sites\/31\/2021\/12\/OutputOptions-1-230x300.png 230w\" sizes=\"auto, (max-width: 276px) 100vw, 276px\" \/><\/a><\/p>\n<p>Klicken Sie auf OK. Sie werden dann aufgefordert, einen Zielordner anzugeben.<\/p>\n<p><a href=\"https:\/\/help.instantatlas.com\/instantatlas-desktop\/wp-content\/uploads\/sites\/31\/2019\/04\/SaveAs.png\"><img loading=\"lazy\" decoding=\"async\" src=\"https:\/\/help.instantatlas.com\/instantatlas-desktop\/wp-content\/uploads\/sites\/31\/2019\/04\/SaveAs.png\" alt=\"\" class=\"alignnone size-full wp-image-33439\" width=\"656\" height=\"451\" srcset=\"https:\/\/help.instantatlas.com\/instantatlas-desktop\/wp-content\/uploads\/sites\/31\/2019\/04\/SaveAs.png 656w, https:\/\/help.instantatlas.com\/instantatlas-desktop\/wp-content\/uploads\/sites\/31\/2019\/04\/SaveAs-300x206.png 300w\" sizes=\"auto, (max-width: 656px) 100vw, 656px\" \/><\/a><\/p>\n<p>Navigieren Sie bis zu Ihrem Zielordner (z.B. C:\\demo) und klicken Sie \u201eSpeichern\u201c.<\/p>\n<p><img decoding=\"async\" src=\"https:\/\/help.instantatlas.com\/instantatlas-desktop\/wp-content\/uploads\/sites\/31\/2015\/08\/image27.png\" \/> Sie sollten die Dateibezeichnung \u201edata.js\u201c nicht \u00e4ndern.<\/p>\n<p>Ist Ihr InstantAtlas Bericht noch ge\u00f6ffnet, klicken Sie im Browser die \u201eAktualisieren\u201c-Schaltfl\u00e4che. Ist der Bericht nicht ge\u00f6ffnet, navigieren Sie bis zu dem Berichtsordner und starten Sie ihn durch Doppelklicken auf die \u201eatlas.html\u201c Datei. Der Bericht sollte nun ann\u00e4hernd so aussehen :<\/p>\n<p><a href=\"https:\/\/help.instantatlas.com\/instantatlas-desktop\/wp-content\/uploads\/sites\/31\/2019\/04\/Report_Updated_DE.png\"><img loading=\"lazy\" decoding=\"async\" src=\"https:\/\/help.instantatlas.com\/instantatlas-desktop\/wp-content\/uploads\/sites\/31\/2019\/04\/Report_Updated_DE.png\" alt=\"\" class=\"alignnone size-full wp-image-33518\" width=\"1201\" height=\"737\" srcset=\"https:\/\/help.instantatlas.com\/instantatlas-desktop\/wp-content\/uploads\/sites\/31\/2019\/04\/Report_Updated_DE.png 1201w, https:\/\/help.instantatlas.com\/instantatlas-desktop\/wp-content\/uploads\/sites\/31\/2019\/04\/Report_Updated_DE-300x184.png 300w, https:\/\/help.instantatlas.com\/instantatlas-desktop\/wp-content\/uploads\/sites\/31\/2019\/04\/Report_Updated_DE-768x471.png 768w, https:\/\/help.instantatlas.com\/instantatlas-desktop\/wp-content\/uploads\/sites\/31\/2019\/04\/Report_Updated_DE-1024x628.png 1024w\" sizes=\"auto, (max-width: 1201px) 100vw, 1201px\" \/><\/a><\/p>\n<p>Klicken Sie auf die Schaltfl\u00e4che \u201eDaten\u201c (links oben). Sie sehen die von Ihnen in das Excel-Arbeitsbuch eingegebenen Themen- und Indikatornamen.<\/p>\n","protected":false},"excerpt":{"rendered":"<p>Die angezeigten Datenwerte in einem neu erstellten Bericht sind Beispielwerte, die durch den Publisher erzeugt wurden. Sie k\u00f6nnen den InstantAtlas Excel-Datenmanager nutzen, um eine Datensatzdatei mit Ihren eigenen Werten zu erstellen. Folgen Sie hierzu den unten gezeigten Schritten. Sie k\u00f6nnen den InstantAtlas Publisher mit der Schaltfl\u00e4che \u201eAbbrechen\u201c schlie\u00dfen, falls Sie das noch nicht getan haben. &hellip; <a href=\"https:\/\/help.instantatlas.com\/instantatlas-desktop\/de\/willkommen\/erste-schritte-mit-instantatlas\/andern-der-daten\/\" class=\"more-link\">Continue reading <span class=\"screen-reader-text\">\u00c4ndern der Daten<\/span><\/a><\/p>\n","protected":false},"author":22,"featured_media":0,"parent":13141,"menu_order":4,"comment_status":"closed","ping_status":"closed","template":"","meta":{"footnotes":""},"class_list":["post-13551","page","type-page","status-publish","hentry"],"_links":{"self":[{"href":"https:\/\/help.instantatlas.com\/instantatlas-desktop\/wp-json\/wp\/v2\/pages\/13551","targetHints":{"allow":["GET"]}}],"collection":[{"href":"https:\/\/help.instantatlas.com\/instantatlas-desktop\/wp-json\/wp\/v2\/pages"}],"about":[{"href":"https:\/\/help.instantatlas.com\/instantatlas-desktop\/wp-json\/wp\/v2\/types\/page"}],"author":[{"embeddable":true,"href":"https:\/\/help.instantatlas.com\/instantatlas-desktop\/wp-json\/wp\/v2\/users\/22"}],"replies":[{"embeddable":true,"href":"https:\/\/help.instantatlas.com\/instantatlas-desktop\/wp-json\/wp\/v2\/comments?post=13551"}],"version-history":[{"count":0,"href":"https:\/\/help.instantatlas.com\/instantatlas-desktop\/wp-json\/wp\/v2\/pages\/13551\/revisions"}],"up":[{"embeddable":true,"href":"https:\/\/help.instantatlas.com\/instantatlas-desktop\/wp-json\/wp\/v2\/pages\/13141"}],"wp:attachment":[{"href":"https:\/\/help.instantatlas.com\/instantatlas-desktop\/wp-json\/wp\/v2\/media?parent=13551"}],"curies":[{"name":"wp","href":"https:\/\/api.w.org\/{rel}","templated":true}]}}