{"id":13651,"date":"2015-09-11T12:02:10","date_gmt":"2015-09-11T11:02:10","guid":{"rendered":"https:\/\/help.instantatlas.com\/dashboard-builder-desktop\/german-getting-started\/erstellen-eines-berichtes-fur-nordamerika\/"},"modified":"2020-11-19T11:12:19","modified_gmt":"2020-11-19T11:12:19","slug":"erstellen-eines-berichtes-fur-nordamerika","status":"publish","type":"page","link":"https:\/\/help.instantatlas.com\/instantatlas-desktop\/de\/willkommen\/erste-schritte-mit-instantatlas\/erstellen-eines-berichtes-fur-nordamerika\/","title":{"rendered":"Erstellen eines Berichtes f\u00fcr Nordamerika"},"content":{"rendered":"<p>Die Installation von InstantAtlas beinhaltet Beispieldaten f\u00fcr Nutzer, die einen Bericht f\u00fcr Nordamerika erstellen m\u00f6chten. Wir empfehlen Ihnen dringend, zuerst die Schritte dieser Anleitung f\u00fcr Edinburgher Postleitzahlen-Abschnitte zu befolgen.<\/p>\n<p>Die Karten-Dateien f\u00fcr Nordamerika befinden sich im Ordner \u201cmaps\u201d Ihres Installationsordners. Der standardm\u00e4\u00dfige Pfad ist:<\/p>\n<p>C:\\Programme\\EsriUK\\InstantAtlas\\maps\\<\/p>\n<p>Die Datei north_america_admin.shp enth\u00e4lt Verwaltungsgrenzen (Staaten, Regionen) f\u00fcr die USA und Kanada.<\/p>\n<p>Die Datei north_america_countries.shp enth\u00e4lt Landesgrenzen f\u00fcr diese und andere nordamerikanische L\u00e4nder. Wir empfehlen, dass Sie die Datei north_america_admin.shp als Referenz-Layer und die Datei north_america_countries.shp als kontextuellen Layer f\u00fcr Ihren Bericht nutzen.<\/p>\n<p>Sie k\u00f6nnen ein Excel-Beispielarbeitsbuch mit passenden Daten im Ordner \u201eworkbooks\u201c Ihres Installationsordners finden. Der standardm\u00e4\u00dfige Pfad ist:<\/p>\n<p>C:\\Programme\\EsriUK\\InstantAtlas\\workbooks\\North_America<\/p>\n","protected":false},"excerpt":{"rendered":"<p>Die Installation von InstantAtlas beinhaltet Beispieldaten f\u00fcr Nutzer, die einen Bericht f\u00fcr Nordamerika erstellen m\u00f6chten. Wir empfehlen Ihnen dringend, zuerst die Schritte dieser Anleitung f\u00fcr Edinburgher Postleitzahlen-Abschnitte zu befolgen. Die Karten-Dateien f\u00fcr Nordamerika befinden sich im Ordner \u201cmaps\u201d Ihres Installationsordners. Der standardm\u00e4\u00dfige Pfad ist: C:\\Programme\\EsriUK\\InstantAtlas\\maps\\ Die Datei north_america_admin.shp enth\u00e4lt Verwaltungsgrenzen (Staaten, Regionen) f\u00fcr die USA &hellip; <a href=\"https:\/\/help.instantatlas.com\/instantatlas-desktop\/de\/willkommen\/erste-schritte-mit-instantatlas\/erstellen-eines-berichtes-fur-nordamerika\/\" class=\"more-link\">Continue reading <span class=\"screen-reader-text\">Erstellen eines Berichtes f\u00fcr Nordamerika<\/span><\/a><\/p>\n","protected":false},"author":22,"featured_media":0,"parent":13141,"menu_order":8,"comment_status":"closed","ping_status":"closed","template":"","meta":{"footnotes":""},"class_list":["post-13651","page","type-page","status-publish","hentry"],"_links":{"self":[{"href":"https:\/\/help.instantatlas.com\/instantatlas-desktop\/wp-json\/wp\/v2\/pages\/13651","targetHints":{"allow":["GET"]}}],"collection":[{"href":"https:\/\/help.instantatlas.com\/instantatlas-desktop\/wp-json\/wp\/v2\/pages"}],"about":[{"href":"https:\/\/help.instantatlas.com\/instantatlas-desktop\/wp-json\/wp\/v2\/types\/page"}],"author":[{"embeddable":true,"href":"https:\/\/help.instantatlas.com\/instantatlas-desktop\/wp-json\/wp\/v2\/users\/22"}],"replies":[{"embeddable":true,"href":"https:\/\/help.instantatlas.com\/instantatlas-desktop\/wp-json\/wp\/v2\/comments?post=13651"}],"version-history":[{"count":0,"href":"https:\/\/help.instantatlas.com\/instantatlas-desktop\/wp-json\/wp\/v2\/pages\/13651\/revisions"}],"up":[{"embeddable":true,"href":"https:\/\/help.instantatlas.com\/instantatlas-desktop\/wp-json\/wp\/v2\/pages\/13141"}],"wp:attachment":[{"href":"https:\/\/help.instantatlas.com\/instantatlas-desktop\/wp-json\/wp\/v2\/media?parent=13651"}],"curies":[{"name":"wp","href":"https:\/\/api.w.org\/{rel}","templated":true}]}}